e (u + 0 - 2)/1. Let k(h) = 2*h**2 + 7. Give k(f).
7
Let v(l) = l**2 - 17*l + 7. Let d = 3269 - 3252. What is v(d)?
7
Let m(c) = -c + 9. Let w(h) be the second derivative of -h**3/6 + 5*h**2 - 2435*h. Let z be 0/(-2) + -1*3. Let a(o) = z*w(o) + 4*m(o). Determine a(5).
1
Suppose -8*a = -3*a - 3*k + 323, 4*a + 2*k = -276. Let c = -109 - a. Let g = 40 + c. Let q(n) = -2*n + 1. Calculate q(g).
5
Let i(d) = d**2 + 8*d + 4. Let a be (-3)/4 - 7/28. Let q = a + 1. Suppose 4*x + q*s + 32 = 3*s, -2*x - 16 = -3*s. Determine i(x).
4
Let o(i) = i + 15. Let z be -4 - 102/(-30) - (-244)/(-10). Let b be (1 + (-35)/z)*-5. Let h = 5 + b. What is o(h)?
8
Let u(g) = 32*g**2 - 4*g + 3. Let t be u(1). Let f(r) = 5*r - 28 - 2*r**2 + 3*r**2 - t + 44. Calculate f(-8).
9
Let j(r) be the second derivative of r**3/3 + 8*r**2 + 48*r. Give j(-14).
-12
Let n(k) = -19*k - 843*k**2 + 0*k - 2 + k**3 + 8*k + 854*k**2. Give n(-12).
-14
Let f(k) = 12*k - 13. Let h = 128 + -133. Let a(r) = -7*r + 6. Let i(x) = h*a(x) - 3*f(x). Determine i(6).
3
Let l be 5/5 - -1 - 2. Let x(m) = -m**3 - 5*m - 7. Let y(k) = -k**3 - 4*k - 7. Let r(o) = -5*x(o) + 6*y(o). Calculate r(l).
-7
Let t(o) = -1. Let y(b) = b**2 + 8*b + 3. Let h(m) = -2*t(m) - y(m). Let l = -78485 + 78478. Calculate h(l).
6
Let y(o) = -4*o - 1. Suppose -5*f - 4*r + 22 = 41, -2*f + r = 5. Let b be 0 - 3 - (-2 + 0 - f). What is y(b)?
15
Suppose -v - 3*b = 23, 0 = 4*b - 6 + 10. Let k(m) = -m - 2. What is k(v)?
18
Let i(b) = -3*b**2 + b - 20. Let z(y) = -7*y**2 - 77*y + 78. Let o be z(1). Determine i(o).
-134
Suppose w = j - 13, 10*w - 5*w = j - 17. Let a(l) be the first derivative of -37*l**2/2 - 1. What is a(w)?
37
Let q(n) = 30749*n**2 - n**3 + 5 - 30747*n**2 + 12*n - 5*n. Calculate q(-3).
29
Let p(w) = 5*w**2 + w + 7. Suppose 25*k = 98 - 173. Calculate p(k).
49
Let n = 377 + -370. Let q(y) = -7*y**2 - 11*y - 14. Let w(f) = 2*f**2 + f + 3. Let z(u) = q(u) + 4*w(u). Determine z(n).
-2
Let w = 3677 - 3677. Let b(l) = l**2 - 2*l - 9. Calculate b(w).
-9
Let a(x) = -22*x + 129. Let v(g) = -29*g + 155. Let m(n) = -6*a(n) + 5*v(n). Let f(t) = t**3 + 2*t**2 - 2*t - 3. Let q be f(-2). Let j = q - 0. What is m(j)?
-12
Suppose 182 - 142 = 4*s. Suppose s = 13*o - 3. Let y(h) = -10*h - 1. Give y(o).
-11
Let s(d) = d**2 + 7*d + 6. Let r = 1202 - 1196. Let g(t) = -18*t - 3. Let i be g(-2). Suppose i = -r*k + 3. Give s(k).
-4
Suppose -380*r + 358*r = -132. Let j(w) = w**2 - 3. Give j(r).
33
Let m(v) = 471572*v + 1 + 50*v**2 - 471572*v. Calculate m(1).
51
Let m(n) be the first derivative of -n**4/4 + 7*n**3/3 + 10*n**2 + 2*n - 762. Give m(9).
20
Let i(w) = 275 + 248 + 182 + 22*w - 528. What is i(-8)?
1
Let w(x) = -x**3 + 37*x**2 + 3 + 13 - 38*x + 51. Let i be w(36). Let h(m) = -m**2 - m + 12. Determine h(i).
-8
Let s(u) = 12*u - 1. Let r be (-60)/(-14) - 4 - (-2)/(-7). Let k = r + 1. Let q be 0 + (k/1 - 3). What is s(q)?
-25
Let a(s) = -s**3 - s - 3. Let y be (-236)/6*-3*(-7)/(-2). Let j = y + -411. Calculate a(j).
-13
Let i(x) = 7*x**2 - 9 - 14605*x + 14609*x + 13 - 8*x**2. Calculate i(2).
8
Let v(m) = -m**3 - 13*m**2 - 13*m - 8. Suppose 3*o = -r + 15, 2*o + 4*r + 0 - 20 = 0. Let d be o - (-3 + (-3 - -8)). Suppose -d*i - 35 + 11 = 0. Calculate v(i).
4
Let r(v) = v**3 - 12*v**2 + 12*v - 5. Suppose 0 = -61*s + 51*s + 10. Let k(u) = -6*u + 17. Let w be k(s). What is r(w)?
6
Let q(m) be the third derivative of m**5/30 - m**4/2 - m**3/6 + 272*m**2 - 3*m. Determine q(2).
-17
Suppose -5*z + 160 = -5*l, -5*l - 92 = -2*l - 5*z. Let v be l*(-4)/(16/(-6)). Let h = 48 + v. Let i(s) = 4*s + 4. Determine i(h).
-8
Suppose 14*k - 28 = 21*k. Let q(u) = -11*u + 2. Let c(m) = -38*m + 5. Let z(o) = -2*c(o) + 7*q(o). Determine z(k).
8
Let z be 4/16 - (-27)/4. Suppose 0 = -0*j + z*j. Let d(o) = -8 + 3*o - 2*o**3 + 3*o**3 - 2*o + o**2. What is d(j)?
-8
Let o be (22 - 7)/(2 - 1). Let l(k) = -k**2 + 11*k + 16. Give l(o).
-44
Let z = 196 - 91. Suppose -z = -2*p - 19*p. Let a(v) = v + 2. Give a(p).
7
Let o(x) = -31*x**2 + 1. Let c(r) = 37*r - 778. Let s be c(21). What is o(s)?
-30
Let m(h) = h**3 - 15*h**2 - h + 5. Suppose 375 = 11*g + 210. What is m(g)?
-10
Suppose 2*b + 253 - 233 = p, 5*b - 2 = -4*p. Let d(g) = 2*g**3 + 13*g**2 + 8*g + 13. Give d(b).
1
Let t(l) be the third derivative of l**6/120 - l**5/4 - 11*l**4/24 - 29*l**3/6 - 3575*l**2. What is t(16)?
51
Let g(m) = -15*m - 192. Let a be g(-12). Let i(s) be the third derivative of s**4/24 + s**3 + 81*s**2. What is i(a)?
-6
Let m(z) = z**2 + 4*z - 3. Let i = 81 - -9. Let g = -116 + i. Let c be 2 - g/(-12) - 116/24. What is m(c)?
2
Suppose 0 = 142*k - 1491 + 4615. Let l(x) = -5*x - 66. Calculate l(k).
44
Let l(p) = p + 1 - 1 - 2. Let g(t) = -2*t**3 + 3*t**2 + t + 40. Let h be g(0). Suppose -a = 5*n - h, 2*a - 3*a = 2*n - 16. Determine l(n).
6
Let c(m) be the first derivative of -m**4/12 - 3*m**3/2 - 7*m**2/2 + 91*m + 15. Let q(k) be the first derivative of c(k). Determine q(-8).
1
Let y(p) = 78*p + 99. Let t(q) = 7*q + 9. Let g(a) = 45*t(a) - 4*y(a). Determine g(14).
51
Let g(o) be the first derivative of 3*o**2 - 40*o + 375. Determine g(8).
8
Let j(p) be the third derivative of -p**5/15 - 3*p**4/2 - p**3/2 - 307*p**2 - p. Determine j(-9).
-3
Let s be (66/24)/(1/8*-2). Let t be s - (0 + (-2)/(-2))/(-1). Let b(p) = -p**3 - 9*p**2 + 10*p - 7. What is b(t)?
-7
Let v(q) be the third derivative of q**4/24 - 5*q**3/6 - q**2. Let k(c) = -c**3 + 10*c**2 - 3*c + 6. Let a be k(0). Give v(a).
1
Suppose 3*u = 8 + 1, -5*u + 15 = 3*f. Suppose -14*n + 53 + 31 = f. Suppose 2*q = 4 + n. Let l(j) = 3*j + 1. Determine l(q).
16
Let n(u) be the first derivative of -5*u**2/2 - 60*u - 13247. Calculate n(-11).
-5
Let l(s) = 6*s + 1. Suppose 15*f + 13025 = -10*f. Let p = -522 - f. Calculate l(p).
-5
Let a(p) be the second derivative of -p**5/20 + p**4/4 + 2*p**3 + 3*p**2/2 + 482*p. Determine a(6).
-33
Suppose 5*o + 6 + 24 = 0. Let t be ((-44)/121)/(10/(-55)). Let i(z) = -z**t + 198*z - 6 - 404*z + 198*z. Calculate i(o).
6
Let x be 36/(-1 - -3)*(720/32 + -22). Let t(i) be the third derivative of -i**6/120 + 3*i**5/20 + i**4/12 - 2*i**3/3 - i**2. What is t(x)?
14
Let i(b) = -b**3 - 5*b**2 - 3*b - 3. Suppose 3*j = 32*j - 406. Suppose 14*u + j = 7*u. Determine i(u).
-9
Let r(c) = -c**3 + 64*c**2 - 131*c**2 + 48*c**2 - 2*c + 2*c + 11. Give r(-19).
11
Let k(w) be the second derivative of w**4/12 - 5*w**3/3 - 6*w**2 - 1045*w. Calculate k(5).
-37
Let x(n) = -620*n - 575*n + 11 + 1180*n + n**2. What is x(11)?
-33
Let w(t) = -66894 - t**3 + 66896 - 9*t + 2*t**2 + 7*t**2. Suppose 87 - 27 = 5*f. Let h = -4 + f. Calculate w(h).
-6
Let b(s) = s - 1. Let z(j) = 10*j - 6. Let g(q) = 5*b(q) - z(q). Suppose -5 - 11 = -4*y. Suppose 0 = 3*u - 4*c - 5, -11 = -u - 4*u + y*c. What is g(u)?
-14
Let y(t) be the first derivative of -2*t**3/3 - 2*t**2 - 3*t - 1. Let b(g) = g**3 - 59*g**2 - 131*g + 547. Let w be b(61). Give y(w).
-3
Suppose 132*v + 8 = 136*v. Suppose -v*n + 6 = -10. Suppose 72 = 4*x + n*x. Let u(f) = -f**2 + 5*f - 4. Determine u(x).
-10
Let a(u) be the first derivative of -u**5/20 - u**4/4 + u**3/6 - 194*u + 187. Let h(x) be the first derivative of a(x). Determine h(-2).
-6
Let r(z) = -z - 23. Suppose 21 = -3*a - 12*f, 4*a - 5*f - 12 = 23. Give r(a).
-28
Let a(z) be the second derivative of -z**6/360 + 3*z**5/40 + 9*z**4/8 - 22*z**3/3 - 62*z. Let t(j) be the second derivative of a(j). Give t(11).
5
Suppose 3*l + 5 = 4*d, -2*l - 4*d + 1 = 11. Let s(f) = 12*f + 22. Give s(l).
-14
Suppose -4*b = 4*n - 36, -n - 4*b + 21 = b. Let s be (90/(-25))/(n/(-15)). Let x(i) = -2*i + 11. Calculate x(s).
-7
Let n(d) be the second derivative of -8*d**3/3 + 9*d**2 + 2051*d. Give n(-3).
66
Suppose 141*t - 135 = 69*t + 63*t. Let s(o) = -o**3 + 14*o**2 + 11*o + 54. Give s(t).
-6
Suppose 0 = -4*x + 3*y - 33, 5*x - y - 21 = 9*x. Let u(o) be the first derivative of -o**2/2 + 8*o - 67. What is u(x)?
14
Let r(d) = d - 4. Let i(o) = 4*o - 6. Let v be i(3). Suppose -16*f = -18*f + v. Suppose 14 - 41 = -f*g. Give r(g).
5
Let j(h) = -8*h - 2. Let r = -248 + 288. Suppose -8*f - 56 = -r. What is j(f)?
14
Let w(s) = s + 12. Let u = -42 - -38. Give w(u).
8
Let x(k) = -9*k + 557 - 1672 - 5*k + 583 + 811. Give x(20).
-1
Let y = -17364 + 17352. Let m(r) = r - 40. Give m(y).
-52
Let